9 - 26 = -j*d. Suppose 0 = 2*g - 35 - d. What are the prime factors of g?
5, 7
Suppose 3*v - 2916 = -3*o, -3*v + 1018 + 1902 = 5*o. List the prime factors of v.
2, 5, 97
Suppose -8*c = -5*c + 6*c. What are the prime factors of (61 - 3 - c)/(7/14)?
2, 29
Let y(b) = -341*b**3 + b**2 - 7*b - 24. What are the prime factors of y(-2)?
2, 1361
Let f be ((-34080)/48)/(1/(-2)). Suppose 13*s + f = 15*s. List the prime factors of s.
2, 5, 71
Let m(j) = -121*j + 5. Let y be m(2). Let v = 463 + y. List the prime factors of v.
2, 113
Let q(m) = -133*m**2 + 9*m - 9. Let l be q(1). Let j = 280 + l. List the prime factors of j.
3, 7
Let y(q) = -26*q**2 - 2582*q - 46. What are the prime factors of y(-53)?
2, 31883
Let q(v) = v - 2. Let c(p) = -182*p - 168. Let i(x) = -c(x) - q(x). What are the prime factors of i(5)?
5, 43
Suppose 41008 = 349*g - 261*g. List the prime factors of g.
2, 233
Suppose -3*o + 13 = d, -2*d + 6 = o - 5. Let q = d + -4. Let j(c) = -c**2 + 4*c + 142. List the prime factors of j(q).
2, 71
Let y be (12/(-14))/(-1 - 16/(-14)). What are the prime factors of (1/(8/2404))/((-3)/y)?
601
Suppose -2*v = 3*i + 4, 12 = 5*i - 5*v - 23. Suppose -280 = -i*s - 126. List the prime factors of s.
7, 11
Let w be -135*((-17)/204 - (-2)/(-8)). Suppose j + 3*l = 54, -4*l + 152 = 2*j - 9*l. Let x = j + w. List the prime factors of x.
3, 37
Let d(v) = 202*v + 1016. What are the prime factors of d(17)?
2, 5, 89
Let j be 105/(-20)*4*2. Let n = j - -247. Suppose 0 = -3*s - 12, 3*b - 63 = -5*s + n. List the prime factors of b.
2, 3
What are the prime factors of ((-1335)/1424)/((-3)/(-4))*-14276?
5, 43, 83
Let u be (-4 + 7 + -3)*1. Suppose u = -9*s + 4*s - 55. List the prime factors of (s/1)/((-4)/((-320)/(-4))).
2, 5, 11
What are the prime factors of 143 + -156 + (-7734)/(-1)?
7, 1103
Let q = 3524 - -13266. What are the prime factors of q?
2, 5, 23, 73
Suppose 5*x = -4*n + 2608, 4*x - 928 - 1165 = -n. Suppose -x = -61*h + 57*h. List the prime factors of h.
131
Suppose 0 = -3*p + 99 + 153. Suppose 0 = -2*j - 4*j + p. What are the prime factors of 7/(j/52)*(1 - -1)?
2, 13
Suppose -20*x + 23*x + 3*j = 175056, 6*j = -24. What are the prime factors of x?
2, 3, 1621
Suppose -472 = -k - 4*g, 125 = 3*k + 4*g - 1315. Suppose -482 = -3*w + k. Suppose -w = -2*p + 98. List the prime factors of p.
2, 3, 5, 7
Suppose -14*d - 43*d = 27*d - 1806336. List the prime factors of d.
2, 3, 7
Let m(z) = -22*z**3 + 17*z**2 - 50*z - 13. List the prime factors of m(-7).
2, 2179
List the prime factors of (38/6)/(57/9747).
3, 19
Let m be ((-15)/2 + 3)*(-6 + 4). Let f(g) = g**3 + g**2 - 3*g - 23. List the prime factors of f(m).
2, 5, 19
Let u(a) = a**3 + 13*a**2 + 14*a + 18. Let h be u(-12). Let v(s) = -23*s - 3. List the prime factors of v(h).
3, 5
Let a(y) = 22*y - 193. Let v be a(9). Suppose -4*j + t + 2718 = 0, j - v*t = -3*t + 683. What are the prime factors of j?
7, 97
Suppose 10*f = -14 + 44. Suppose 2*s + 3*j - 391 = 2*j, -188 = -s - f*j. What are the prime factors of s?
197
Suppose -17*f = 29*f + 16*f - 1288918. List the prime factors of f.
20789
Suppose 245*s - 232*s = 186355. What are the prime factors of s?
5, 47, 61
Let n = -20 + 31. Let q be 2/n + (-36)/(-44). What are the prime factors of (67 - q - 0) + 3?
3, 23
Let x(o) = 221*o**2 - 7*o - 6. Let n = -67 + 66. List the prime factors of x(n).
2, 3, 37
Let l be (-22)/121 - (-70)/22. Suppose -3*h - l*m + 82 = -62, 201 = 4*h + m. Let p = 38 + h. What are the prime factors of p?
89
Let f(m) be the second derivative of -39*m**5/10 + m**4/6 + 2*m**3/3 - 3*m**2/2 + 15*m + 3. What are the prime factors of f(-2)?
3, 23
Let m(f) = 207*f**2 + 495*f**2 - 10 - 11*f + 363*f**2. What are the prime factors of m(-1)?
2, 13, 41
Suppose -19*k + 45*k - 2262 = 0. Let c(l) = 2*l**3 - l**2 + l - 2. Let g be c(2). Suppose k = -g*h + 13*h. List the prime factors of h.
3, 29
Suppose 0 = 9*g - 7 - 11. Suppose -315 = -4*p - 3*v + 78, 3*v = -g*p + 189. List the prime factors of p.
2, 3, 17
Suppose -12*m + 8*m - 1740 = 5*b, -25 = -5*m. Let d = b + 936. What are the prime factors of d?
2, 73
Suppose 5*a + 6 = -o, 2*a + 3 - 11 = -3*o. Suppose 3*g - 985 = -n, 2*g - 638 = -o*n + 8*n. What are the prime factors of g?
3, 109
Let w = 67148 + -38902. List the prime factors of w.
2, 29, 487
What are the prime factors of (10/(-1) + 9)*-32167?
19, 1693
Suppose -2*h = -4*d - 79303 - 54495, 3*d - 66914 = -h. What are the prime factors of h?
5, 13381
Let d(f) = -24*f + 87. Let u = -384 - -360. List the prime factors of d(u).
3, 13, 17
Suppose -4*b = -4*d + 9452, -d + 0*b = 2*b - 2348. Suppose 2*y = 5*u - d, -3*u = -5*y + 3*y - 1418. What are the prime factors of u?
2, 5, 47
Let g be (-33)/(-22) + (-74)/(-4). Suppose 0 = 2*r + 5*k + g, r - 2*r - 11 = 2*k. What are the prime factors of (-5)/r + ((-320)/(-3) - -3)?
2, 5, 11
Let w be (-2)/1 + (-5 - -208). Let p = w + -124. Let s = 69 + p. What are the prime factors of s?
2, 73
Let u = 127572 - 42021. List the prime factors of u.
3, 28517
Let c(r) = 596*r**3 + 17*r**2 - 86*r + 99. What are the prime factors of c(5)?
2, 13, 19, 151
Let p = 16923 + -15100. What are the prime factors of p?
1823
Let c(j) = j**3 + 16*j**2 + 2*j - 20. Let t(r) = -14*r**2 - 6*r + 6. Let z be t(1). List the prime factors of c(z).
2, 43
Let l(y) = -2*y**2 - 88*y + 89. Suppose 25 = 2*h + 3*h, 11 = -t - 5*h. What are the prime factors of l(t)?
5, 7, 19
Let h = 80 + 16. Suppose 0 = -p + h + 172. What are the prime factors of p?
2, 67
Let l(x) = -x**2 - 4*x. Let w be l(3). What are the prime factors of 46*w/(-24) + 2/(-8)?
2, 5
Let y(m) = 7989*m - 206. What are the prime factors of y(1)?
43, 181
Let f be 1*114 - 0/3. Let b = 248 - 236. Suppose -270 - f = -b*d. What are the prime factors of d?
2
Let m be (6798/55)/(6/20 + 0). Let z = m + 180. Suppose -4*q + z = 60. List the prime factors of q.
7, 19
Let n = 144 - 141. Suppose 575 = n*c - 505. What are the prime factors of c?
2, 3, 5
Let r = -120 - -110. Let f = r - -15. What are the prime factors of ((-4448)/40)/((-2)/f)?
2, 139
Let p = -1514 + 1519. Let q(r) = 0*r**2 + 0 + r**3 + 6 - 8*r - 2*r**2. What are the prime factors of q(p)?
41
Suppose 30 - 10 = 5*y. Suppose 1636 = y*w - 4*i, 3*w - i = i + 1224. What are the prime factors of w?
2, 7, 29
Let b(k) = -k**2 - 89*k - 1652. Let j be b(-27). Let v(u) = 330*u**2 - 2*u - 2. Let d be v(2). Suppose -4*y = -j*y + d. List the prime factors of y.
73
Let y(w) be the third derivative of 0 + 0*w + 1/60*w**5 - 1/2*w**3 - 1/120*w**6 - 1/6*w**4 - 24*w**2. What are the prime factors of y(-4)?
3, 31
Suppose -4*y + 858 = 262. Suppose -y = 4*j - d, -j + 3*d - d - 32 = 0. Let g = j + 51. What are the prime factors of g?
13
Let b = -688 - -722. Suppose -b*x + 36*x - 4476 = -4*w, 5595 = 5*w - 5*x. What are the prime factors of w?
3, 373
Suppose -2*z = -5*t - 40510, 10*z - 6*z - 5*t = 81020. What are the prime factors of z?
5, 4051
List the prime factors of 2/(260547/(-957033) + (-3)/(-11)).
3, 1381
Let q(d) = 7*d**2 + 13*d + 3. Let w be (-2)/(-16) - 34/16. Let y be q(w). Suppose 2*p + h - 134 = 75, y*p - 5*h - 560 = 0. What are the prime factors of p?
107
Let y = 5 - -2. Let o = 3 + 110. Suppose 3*f - 3*q - 298 = -y, -5*q = -f + o. List the prime factors of f.
3, 31
Let a(t) = 3*t + 20. Let v be a(5). Suppose 8 = -v*f + 39*f. List the prime factors of 41*(-2)/(f/(-1)).
41
What are the prime factors of -3*(9 + -7 + 4)/((-9)/6380)?
2, 5, 11, 29
Let o(d) = 13*d**2 + 60 + 30*d - 8*d + 26*d. Let m(w) = 3*w**2 + 12*w + 15. Let q(u) = 9*m(u) - 2*o(u). List the prime factors of q(-13).
2, 7
Let s(u) = 4569*u**2 + 24*u - 2. What are the prime factors of s(3)?
17, 2423
Let c be -3 + (15 - 3 - 4). Suppose 0 = c*x + 3*n + n - 25, 10 = 5*x + n. List the prime factors of 5*(12 + -1)*x.
5, 11
Let t(s) = 73*s**2 - 8*s + 13*s + 24 - 40*s**2. What are the prime factors of t(-4)?
2, 7, 19
Let l = -17 + 95. Let g = l - 66. What are the prime factors of ((-3)/(g/(-146)))/(1/2)?
73
What are the prime factors of ((-384)/24 - -11162) + (1 - 6)?
13, 857
Suppose -4645 = 3*z - 8*z - 5*w, 2*z + w = 1853. Suppose 66*v - 63*v = z. What are the prime factors of v?
2, 7, 11
Let x be (2 - 3)*(-5 - 6). Suppose 0 = -x*l + 10*l + 197. Let a = -102 + l. List the prime factors of a.
5, 19
Let z be 419 + 2/(-2